{"id":12931,"date":"2026-01-08T16:50:33","date_gmt":"2026-01-08T19:50:33","guid":{"rendered":"https:\/\/midulcebebegp.com\/?post_type=product&#038;p=12931"},"modified":"2026-01-08T16:50:35","modified_gmt":"2026-01-08T19:50:35","slug":"cesto-organizadores-de-tela-jugueteros-animalitos","status":"publish","type":"product","link":"https:\/\/midulcebebegp.com\/index.php\/producto\/cesto-organizadores-de-tela-jugueteros-animalitos\/","title":{"rendered":"CESTO ORGANIZADORES DE TELA \/ JUGUETEROS ANIMALITOS"},"content":{"rendered":"<div>\ud83e\uddf8\u00a0<strong>Cestos Organizadores de Tela con Dise\u00f1o de Animalitos<\/strong>\ud83d\udc18<\/div>\n<div><\/div>\n<div>Nuestros cestos organizadores\/jugueteros de tela son ideales para mantener el cuarto de tu beb\u00e9 siempre en orden y prolijo.<\/div>\n<div><\/div>\n<div>\ud83e\uddfa\u00a0<strong>Livianos, funcionales y llenos de ternura<\/strong>, est\u00e1n estampados con dibujos de animales que combinan con cualquier estilo de habitaci\u00f3n infantil. Perfectos para guardar juguetes, mantas, ropa o lo que necesites tener a mano.<\/div>\n<div><\/div>\n<div>\ud83d\udccf\u00a0<strong>Medidas:<\/strong>\u00a045 cm de alto x 46 cm de ancho total.<\/div>\n<div><\/div>\n<div>\ud83d\udca1 Una soluci\u00f3n pr\u00e1ctica y decorativa para el d\u00eda a d\u00eda<\/div>\n","protected":false},"excerpt":{"rendered":"<p>\ud83e\uddf8\u00a0Cestos Organizadores de Tela con Dise\u00f1o de Animalitos\ud83d\udc18 Nuestros cestos organizadores\/jugueteros de tela son ideales para mantener el cuarto de tu beb\u00e9 siempre en orden y prolijo. \ud83e\uddfa\u00a0Livianos, funcionales y llenos de ternura, est\u00e1n estampados con dibujos de animales que combinan con cualquier estilo de habitaci\u00f3n infantil. Perfectos para guardar juguetes, mantas, ropa o lo&hellip;&nbsp;<a href=\"https:\/\/midulcebebegp.com\/index.php\/producto\/cesto-organizadores-de-tela-jugueteros-animalitos\/\" rel=\"bookmark\"><span class=\"screen-reader-text\">CESTO ORGANIZADORES DE TELA \/ JUGUETEROS ANIMALITOS<\/span><\/a><\/p>\n","protected":false},"featured_media":12932,"comment_status":"open","ping_status":"closed","template":"","meta":{"neve_meta_sidebar":"","neve_meta_container":"","neve_meta_enable_content_width":"off","neve_meta_content_width":100,"neve_meta_title_alignment":"","neve_meta_author_avatar":"","neve_post_elements_order":"","neve_meta_disable_header":"","neve_meta_disable_footer":"","neve_meta_disable_title":""},"product_brand":[],"product_cat":[186],"product_tag":[],"class_list":{"0":"post-12931","1":"product","2":"type-product","3":"status-publish","4":"has-post-thumbnail","6":"product_cat-ropa-de-cama","8":"first","9":"instock","10":"shipping-taxable","11":"purchasable","12":"product-type-simple"},"jetpack_sharing_enabled":true,"_links":{"self":[{"href":"https:\/\/midulcebebegp.com\/index.php\/wp-json\/wp\/v2\/product\/12931","targetHints":{"allow":["GET"]}}],"collection":[{"href":"https:\/\/midulcebebegp.com\/index.php\/wp-json\/wp\/v2\/product"}],"about":[{"href":"https:\/\/midulcebebegp.com\/index.php\/wp-json\/wp\/v2\/types\/product"}],"replies":[{"embeddable":true,"href":"https:\/\/midulcebebegp.com\/index.php\/wp-json\/wp\/v2\/comments?post=12931"}],"wp:featuredmedia":[{"embeddable":true,"href":"https:\/\/midulcebebegp.com\/index.php\/wp-json\/wp\/v2\/media\/12932"}],"wp:attachment":[{"href":"https:\/\/midulcebebegp.com\/index.php\/wp-json\/wp\/v2\/media?parent=12931"}],"wp:term":[{"taxonomy":"product_brand","embeddable":true,"href":"https:\/\/midulcebebegp.com\/index.php\/wp-json\/wp\/v2\/product_brand?post=12931"},{"taxonomy":"product_cat","embeddable":true,"href":"https:\/\/midulcebebegp.com\/index.php\/wp-json\/wp\/v2\/product_cat?post=12931"},{"taxonomy":"product_tag","embeddable":true,"href":"https:\/\/midulcebebegp.com\/index.php\/wp-json\/wp\/v2\/product_tag?post=12931"}],"curies":[{"name":"wp","href":"https:\/\/api.w.org\/{rel}","templated":true}]}}