{"id":12971,"date":"2026-01-09T15:21:40","date_gmt":"2026-01-09T18:21:40","guid":{"rendered":"https:\/\/midulcebebegp.com\/?post_type=product&#038;p=12971"},"modified":"2026-03-29T22:07:59","modified_gmt":"2026-03-30T01:07:59","slug":"banera-plegable-washing-avanti-28-litros-86-x-48-x-23-cm","status":"publish","type":"product","link":"https:\/\/midulcebebegp.com\/index.php\/producto\/banera-plegable-washing-avanti-28-litros-86-x-48-x-23-cm\/","title":{"rendered":"BA\u00d1ERA PLEGABLE WASHING AVANTI 28 LITROS (86 x 48 x 23 cm)"},"content":{"rendered":"<p>Ba\u00f1era plegable para beb\u00e9 Avanti con soporte reductor y caracter\u00edsticas de seguridad y comodidad:<\/p>\n<p>&#8211; Ba\u00f1era plegable que se compacta para un almacenamiento f\u00e1cil.<\/p>\n<p>&#8211; Incluye asiento reductor tipo reposera para mayor confort del beb\u00e9.<\/p>\n<p>&#8211; Fabricada con material ecol\u00f3gico y resistente a bajas temperaturas.<\/p>\n<p>&#8211; Manija integrada para facilitar el transporte y colgado de la ba\u00f1era.<\/p>\n<p>&#8211; Patas con material antideslizante y traba de seguridad para evitar desplazamientos.<\/p>\n<p>&#8211; Profundidad y \u00e1ngulo de reclinaci\u00f3n ajustables para adaptarse a las necesidades del beb\u00e9.<\/p>\n<p>&#8211; Tap\u00f3n de drenaje sensible a la temperatura que cambia de color a los 37\u00baC para asegurar una temperatura del agua adecuada.<\/p>\n<p>Dimensiones y capacidad:<\/p>\n<p>&#8211; Medidas de la ba\u00f1era desplegada: 86 x 48 x 23 cm.<\/p>\n<p>&#8211; Medidas de la ba\u00f1era plegada: 86 x 48 x 07 cm.<\/p>\n<p>&#8211; Peso de la ba\u00f1era: 2,7 kg.<\/p>\n<p>&#8211; Capacidad m\u00e1xima de agua: 30 litros.<\/p>\n","protected":false},"excerpt":{"rendered":"<p>Ba\u00f1era plegable para beb\u00e9 Avanti con soporte reductor y caracter\u00edsticas de seguridad y comodidad: &#8211; Ba\u00f1era plegable que se compacta para un almacenamiento f\u00e1cil. &#8211; Incluye asiento reductor tipo reposera para mayor confort del beb\u00e9. &#8211; Fabricada con material ecol\u00f3gico y resistente a bajas temperaturas. &#8211; Manija integrada para facilitar el transporte y colgado de&hellip;&nbsp;<a href=\"https:\/\/midulcebebegp.com\/index.php\/producto\/banera-plegable-washing-avanti-28-litros-86-x-48-x-23-cm\/\" rel=\"bookmark\"><span class=\"screen-reader-text\">BA\u00d1ERA PLEGABLE WASHING AVANTI 28 LITROS (86 x 48 x 23 cm)<\/span><\/a><\/p>\n","protected":false},"featured_media":12972,"comment_status":"open","ping_status":"closed","template":"","meta":{"neve_meta_sidebar":"","neve_meta_container":"","neve_meta_enable_content_width":"off","neve_meta_content_width":100,"neve_meta_title_alignment":"","neve_meta_author_avatar":"","neve_post_elements_order":"","neve_meta_disable_header":"","neve_meta_disable_footer":"","neve_meta_disable_title":""},"product_brand":[],"product_cat":[187],"product_tag":[],"class_list":{"0":"post-12971","1":"product","2":"type-product","3":"status-publish","4":"has-post-thumbnail","6":"product_cat-avanti-premium-baby","8":"first","9":"outofstock","10":"shipping-taxable","11":"purchasable","12":"product-type-simple"},"jetpack_sharing_enabled":true,"_links":{"self":[{"href":"https:\/\/midulcebebegp.com\/index.php\/wp-json\/wp\/v2\/product\/12971","targetHints":{"allow":["GET"]}}],"collection":[{"href":"https:\/\/midulcebebegp.com\/index.php\/wp-json\/wp\/v2\/product"}],"about":[{"href":"https:\/\/midulcebebegp.com\/index.php\/wp-json\/wp\/v2\/types\/product"}],"replies":[{"embeddable":true,"href":"https:\/\/midulcebebegp.com\/index.php\/wp-json\/wp\/v2\/comments?post=12971"}],"wp:featuredmedia":[{"embeddable":true,"href":"https:\/\/midulcebebegp.com\/index.php\/wp-json\/wp\/v2\/media\/12972"}],"wp:attachment":[{"href":"https:\/\/midulcebebegp.com\/index.php\/wp-json\/wp\/v2\/media?parent=12971"}],"wp:term":[{"taxonomy":"product_brand","embeddable":true,"href":"https:\/\/midulcebebegp.com\/index.php\/wp-json\/wp\/v2\/product_brand?post=12971"},{"taxonomy":"product_cat","embeddable":true,"href":"https:\/\/midulcebebegp.com\/index.php\/wp-json\/wp\/v2\/product_cat?post=12971"},{"taxonomy":"product_tag","embeddable":true,"href":"https:\/\/midulcebebegp.com\/index.php\/wp-json\/wp\/v2\/product_tag?post=12971"}],"curies":[{"name":"wp","href":"https:\/\/api.w.org\/{rel}","templated":true}]}}