{"id":3312,"date":"2025-02-11T14:07:26","date_gmt":"2025-02-11T17:07:26","guid":{"rendered":"https:\/\/midulcebebegp.com\/?post_type=product&#038;p=3312"},"modified":"2026-07-28T10:28:59","modified_gmt":"2026-07-28T13:28:59","slug":"sonajero-con-mango","status":"publish","type":"product","link":"https:\/\/midulcebebegp.com\/index.php\/producto\/sonajero-con-mango\/","title":{"rendered":"SONAJERO CON MANGO #66251"},"content":{"rendered":"<p>Promueve la coordinaci\u00f3n de los sentidos del o\u00eddo, visi\u00f3n y tacto.<br \/>\nF\u00e1cil de manipular para el beb\u00e9.<br \/>\nSonido medio<\/p>\n<p>Dise\u00f1ado para promover la coordinaci\u00f3n mano-ojo de tu beb\u00e9. A partir de los 2 meses de edad la capacidad sensitiva de tu beb\u00e9 aumenta constantemente, comienza a seguir el movimiento de los objetos, a distinguir colores e identificar sonidos. Tu beb\u00e9 aprender\u00e1 que cada vez que mueve la mano con el sonajero, \u00e9ste suena y se mueve, as\u00ed comienza a asociar los sonidos con los objetos y sus movimientos, a coordinar los sentidos del o\u00eddo, la visi\u00f3n y el tacto.\u00a0Sonido medio.<\/p>\n","protected":false},"excerpt":{"rendered":"<p>Promueve la coordinaci\u00f3n de los sentidos del o\u00eddo, visi\u00f3n y tacto. F\u00e1cil de manipular para el beb\u00e9. Sonido medio Dise\u00f1ado para promover la coordinaci\u00f3n mano-ojo de tu beb\u00e9. A partir de los 2 meses de edad la capacidad sensitiva de tu beb\u00e9 aumenta constantemente, comienza a seguir el movimiento de los objetos, a distinguir colores&hellip;&nbsp;<a href=\"https:\/\/midulcebebegp.com\/index.php\/producto\/sonajero-con-mango\/\" rel=\"bookmark\"><span class=\"screen-reader-text\">SONAJERO CON MANGO #66251<\/span><\/a><\/p>\n","protected":false},"featured_media":3313,"comment_status":"open","ping_status":"closed","template":"","meta":{"neve_meta_sidebar":"","neve_meta_container":"","neve_meta_enable_content_width":"off","neve_meta_content_width":100,"neve_meta_title_alignment":"","neve_meta_author_avatar":"","neve_post_elements_order":"","neve_meta_disable_header":"","neve_meta_disable_footer":"","neve_meta_disable_title":""},"product_brand":[],"product_cat":[135],"product_tag":[],"class_list":{"0":"post-3312","1":"product","2":"type-product","3":"status-publish","4":"has-post-thumbnail","6":"product_cat-babelito","8":"first","9":"instock","10":"shipping-taxable","11":"purchasable","12":"product-type-simple"},"jetpack_sharing_enabled":true,"_links":{"self":[{"href":"https:\/\/midulcebebegp.com\/index.php\/wp-json\/wp\/v2\/product\/3312","targetHints":{"allow":["GET"]}}],"collection":[{"href":"https:\/\/midulcebebegp.com\/index.php\/wp-json\/wp\/v2\/product"}],"about":[{"href":"https:\/\/midulcebebegp.com\/index.php\/wp-json\/wp\/v2\/types\/product"}],"replies":[{"embeddable":true,"href":"https:\/\/midulcebebegp.com\/index.php\/wp-json\/wp\/v2\/comments?post=3312"}],"wp:featuredmedia":[{"embeddable":true,"href":"https:\/\/midulcebebegp.com\/index.php\/wp-json\/wp\/v2\/media\/3313"}],"wp:attachment":[{"href":"https:\/\/midulcebebegp.com\/index.php\/wp-json\/wp\/v2\/media?parent=3312"}],"wp:term":[{"taxonomy":"product_brand","embeddable":true,"href":"https:\/\/midulcebebegp.com\/index.php\/wp-json\/wp\/v2\/product_brand?post=3312"},{"taxonomy":"product_cat","embeddable":true,"href":"https:\/\/midulcebebegp.com\/index.php\/wp-json\/wp\/v2\/product_cat?post=3312"},{"taxonomy":"product_tag","embeddable":true,"href":"https:\/\/midulcebebegp.com\/index.php\/wp-json\/wp\/v2\/product_tag?post=3312"}],"curies":[{"name":"wp","href":"https:\/\/api.w.org\/{rel}","templated":true}]}}

<p>Promueve la coordinación de los sentidos del oído, visión y tacto.<br />
Fácil de manipular para el bebé.<br />
Sonido medio</p>
<p>Diseñado para promover la coordinación mano-ojo de tu bebé. A partir de los 2 meses de edad la capacidad sensitiva de tu bebé aumenta constantemente, comienza a seguir el movimiento de los objetos, a distinguir colores e identificar sonidos. Tu bebé aprenderá que cada vez que mueve la mano con el sonajero, éste suena y se mueve, así comienza a asociar los sonidos con los objetos y sus movimientos, a coordinar los sentidos del oído, la visión y el tacto. Sonido medio.</p>

<p>Promueve la coordinación de los sentidos del oído, visión y tacto. Fácil de manipular para el bebé. Sonido medio Diseñado para promover la coordinación mano-ojo de tu bebé. A partir de los 2 meses de edad la capacidad sensitiva de tu bebé aumenta constantemente, comienza a seguir el movimiento de los objetos, a distinguir colores&hellip;&nbsp;<a href="https://midulcebebegp.com/index.php/producto/sonajero-con-mango/" rel="bookmark"><span class="screen-reader-text">SONAJERO CON MANGO #66251</span></a></p>
